*v - 2. Is g(j) a prime number?
False
Suppose -38*k - 224655 = -53*k. Is k a composite number?
True
Suppose 2*l = 5*t - 128475, 242*t = 244*t - 4*l - 51406. Is t a prime number?
True
Suppose -4*k + 8*k = 68068. Suppose -k = -5*r + m - 3*m, m + 6814 = 2*r. Suppose -5*z = -r - 1190. Is z a prime number?
True
Suppose -75*q + 32630 = -65*q. Is q composite?
True
Let f(g) = 125*g - 3. Suppose -4*c + 5*j - 12 = -0*c, -3*c + 26 = 5*j. Is f(c) composite?
True
Let f(z) be the second derivative of -127*z**3/2 - 37*z**2/2 - 3*z + 4. Is f(-14) a composite number?
False
Let m(s) = -s**2 - s + 1031. Let y be m(0). Let d = y - -30. Is d composite?
False
Suppose -3*g - 4 = -2*g. Is 330 + ((-3)/1 - g) prime?
True
Is (42/(-4))/((-99)/15774) prime?
False
Let b = -756 - -2737. Is b prime?
False
Let w(q) = -q**3 + 2*q - 14*q + 17 + 8*q - 15*q**2. Is w(-15) a prime number?
False
Suppose 29 + 1 = 5*m. Is ((-28)/m)/((-14)/8169) a composite number?
True
Let z(u) be the first derivative of 2*u**3/3 - u**2 + u + 1. Is z(7) a prime number?
False
Suppose 6*t - 3*t - 6 = -4*f, -2*t = -2*f + 10. Suppose k = -k - 3*d - 163, k - 3*d + 104 = 0. Is (-7 + f)*k/2 prime?
False
Suppose 2*s - 5*d = 17, 3*s + d + 9 = -3*d. Let z be ((-2)/(-3))/(s/1821). Let m = 1915 - z. Is m prime?
True
Suppose -7*w - 5 = 16. Let p(q) = 230*q**2 + 2*q + 1. Let l be p(w). Suppose -l = b - 6*b. Is b prime?
False
Suppose -2*l + 4*h = -1000 - 506, 2*h = -4*l + 2982. Let j = 1681 - 2021. Let r = j + l. Is r a prime number?
False
Let x(n) = -20*n - 119. Is x(-16) composite?
True
Suppose 0 = 5*d - 6*d + 7*d. Is -3 + -1 + (255 - d) a prime number?
True
Suppose 4*p - 32 = -4*p. Suppose 1981 = -p*o + 7257. Is o a composite number?
False
Let w be 0 + -1 - 65/(-5). Let x = 14 - w. Suppose 3 = x*p - 67. Is p a prime number?
False
Suppose -3*v + 6268 = n, 7*n - 10*n + 18811 = 2*v. Is n a composite number?
False
Let z(x) = x**3 + 7*x**2 + 4*x - 7. Let w be z(-6). Suppose 0 = -5*m + w*d + 65, 0*d = -4*d - 20. Suppose 4*n = -m, 0*n - 1500 = -4*k + 4*n. Is k composite?
False
Suppose 5*h - 10 = -5*r, -1 + 0 = -h. Let z be (-5)/5*(r + -6). Suppose -2 = s, 20 = z*w - 5*s - 60. Is w composite?
True
Let f(l) = -7*l + 4*l**2 + 998 - 7*l - 957. Is f(29) prime?
True
Suppose 0 = 4*b - 0*b - q - 5963, 7470 = 5*b + 2*q. Suppose -n - 3*n + b = 0. Is n a composite number?
False
Suppose -2*j + 4*s + 12 = -0*s, 2*j - 2*s = 8. Suppose -5*u + 11245 = j*h + 3*h, u + 8976 = 4*h. Is h prime?
False
Let z = -11 - -15. Let p(s) = 29*s**2 - 5*s + 1. Let x be p(6). Suppose -g - z*g = -x. Is g a prime number?
False
Let v = -3 + 5. Let m be 1*30*v/3. Suppose 0 = -4*r - m, 0 = p - r + 6*r - 124. Is p prime?
True
Let i = 4315 + 1088. Let l = -3838 + i. Is l composite?
True
Let o = 1645 + -134. Is o a prime number?
True
Let m(y) = 306*y**2 - 98*y + 7. Is m(-11) a composite number?
True
Let u be (-5 + (-31)/(-3))*-45. Let w = u + 491. Is w prime?
True
Let t(n) = 47*n**2 - 2*n + 15. Let v be t(-6). Suppose -3*f + v = -0*f. Is f a prime number?
False
Suppose o - 3351 = -3*v, -5*v + 5585 = -0*o - o. Is v composite?
False
Let g = 34584 - 23405. Is g prime?
False
Let t(x) = 2*x**2 - 4*x - 9. Let b be t(-6). Suppose 0 = -2*m + b + 23. Let z = 197 - m. Is z a prime number?
False
Is 2*(-3 - (-28805)/10) a composite number?
True
Let k = -12522 + 21163. Is k composite?
False
Let n = -32 + 34. Suppose -3*x + n*d = -3171, 3171 = -0*x + 3*x + 3*d. Is x a composite number?
True
Suppose -3*c + 4*l + l + 19 = 0, -36 = -4*c - 4*l. Suppose c = -2*g, -g - 1 = 5*x + 8. Let h(f) = 203*f**2. Is h(x) a prime number?
False
Let t(i) = -7277*i - 148. Is t(-3) prime?
True
Let g(a) = -a**3 + 8*a**2 - 6*a - 3. Let p be g(7). Suppose 9 = p*b - 7. Suppose k = 5*t - 112, -k + 5*k - 104 = -b*t. Is t prime?
True
Let n(a) = 791*a - 3. Let i be n(-1). Let u = -557 - i. Is u prime?
False
Suppose 2*x - 2*w - 478 = 2*w, -3*x + 5*w + 716 = 0. Is x a composite number?
True
Let p be 7/((-21)/(-90)) - -3. Suppose 0 = q + 3*r - p - 24, -q + 53 = 2*r. Let k = q - -104. Is k composite?
False
Let q(t) be the third derivative of -15*t**2 + 0*t + 0 + 2/3*t**3 - 359/24*t**4. Is q(-3) a prime number?
False
Let p(z) = 28*z**2 + 5*z**2 - 10 + 13 + 8*z + 57*z**2. Is p(5) composite?
False
Suppose -3*z + 4*v = -6507, 0 = -3*v + 6*v. Is (6/4)/(2 + z/(-1086)) prime?
False
Suppose 2*s + 2*y = 10522, 5*y = -5 + 25. Is s composite?
True
Suppose 13*p + 3554 = 17*p + 2*t, -t = -5*p + 4432. Is p a prime number?
True
Suppose 2*d + r = 13895, d - 5*r + 2573 - 9515 = 0. Is d prime?
True
Let n be 154/1 - (-18 - -20). Let y = 793 - n. Is y a composite number?
False
Let m = 40 + -21. Let h = m - -153. Let a = 329 - h. Is a a prime number?
True
Let i(k) = 336*k + 21. Let r be i(8). Let w = -376 + r. Is w a composite number?
False
Suppose 0 = -5*r - 4*q, 0*r + 2*r - 3*q - 23 = 0. Is (-58)/(-6)*((-16)/r - -61) a composite number?
True
Let n(u) be the first derivative of -4*u**4 - u**3 + 2*u**2 - 2*u + 6. Let i be n(-5). Suppose j - 4*y + i = 6*j, -2*j + 760 = y. Is j a prime number?
True
Let b(f) = -251*f - 9. Let o(z) = 126*z + 5. Let u(x) = -4*b(x) - 7*o(x). Let t(w) = -122*w - 1. Let a(j) = 3*t(j) + 2*u(j). Is a(-3) a prime number?
False
Let j = 25 + -23. Suppose -j*g + 51 = 4*p - 271, -3*g + p = -483. Is g prime?
False
Let q be (-1)/((-1)/(-17))*(27 - 28). Is 683*1*17/q a composite number?
False
Let i = -7073 + 26887. Is i a composite number?
True
Is 31018 + -1*((-3 - -11) + -3) prime?
True
Let u be 0 - 2/((-2)/(-3)). Let i(n) be the first derivative of -10*n**4 - 5*n**3/3 - 2*n**2 - 4*n + 3. Is i(u) prime?
False
Is (-1297900)/(-175) + (-6)/(-14) composite?
False
Suppose -b = g - 656, -4089 = -5*b + 3*g - 841. Let v = -19 + b. Is v a prime number?
False
Let z(w) = 2*w - 19. Let f be z(9). Is -3 - f - (1 - (312 + -2)) prime?
True
Let p be -2 - (-73 + (-6)/(-2)). Suppose 9051 = -65*y + p*y. Is y a prime number?
False
Suppose -4*v - 20 = 0, 2*u - 14723 = -29*v + 26*v. Is u composite?
False
Suppose -12659 = -10*p + 5111. Is p a prime number?
True
Let o(w) = w - 1. Let s be o(1). Let k be -2 + 6 + -5 + 3/1. Suppose s = 3*z - 2*v - 245, -z - k*z + 5*v = -257. Is z composite?
False
Let a = -180 + -253. Is -2*(-2 - -5 - a/(-2)) a composite number?
True
Let f be 6/(((-84)/40)/(-7)). Suppose 5*k - f = 0, 0 = -4*b - 4*k - k + 1672. Is b prime?
False
Suppose -61*h + 56*h + 265 = 0. Let y = h + 34. Is y a composite number?
True
Let z(h) = -8*h**3 - 2*h - 3. Let q be -1 + 1/(4/36). Let y = 6 - q. Is z(y) a prime number?
False
Let w(b) = b**3 - 3*b**2 - 3*b + 13. Let y be w(8). Let m = y + 102. Is m a composite number?
True
Let r(v) = -4*v - 15. Let o be r(-4). Is (254/(o + 1))/1 a prime number?
True
Suppose 0 = -t + 4*v + 8, 3*t = -5*v + 3 - 30. Let z(o) = -o - 2. Let f be z(t). Suppose 123 = 2*y + 5*a - 270, -f*y - a + 397 = 0. Is y a composite number?
False
Suppose 9 + 6 = 3*s. Suppose -h + 2030 = s*j, -5*j + h + 3*h + 2055 = 0. Is j composite?
True
Suppose -45*l + 160420 = -25*l. Is l composite?
True
Let k be 3/(-2) - 55/(-22). Is ((3 + 2063)*k - -1) + -4 composite?
False
Suppose 4*f + 3*f = 33789. Suppose -3624 = -3*h - 3*u, 3*h - u = -h + f. Is h a composite number?
True
Let l = 3 - 7. Let d be 2 + l*2/4. Let y(g) = g + 191. Is y(d) prime?
True
Suppose -n = 4*a + 785, -27*a - 405 = -25*a + 3*n. Let o(u) = -u**3 + 2*u**2 + 5*u - 2. Let z be o(4). Let m = z - a. Is m composite?
False
Suppose 4*u - 3*n - 598 = 0, -5*u + 101 = n - 637. Let i = -3 + u. Let z = i + -14. Is z prime?
True
Let f(s) = 2610*s + 5. Let r be f(5). Is (r/(-10))/(1/(-2)) prime?
False
Let a(j) = -j. Let v be a(-4). Suppose -307 + 1311 = v*t. Is t a composite number?
False
Is 6/4*3/((-54)/(-16332)) composite?
False
Let k(a) = 10 + 431*a - 9 + 133*a - 14. Is k(6) a prime number?
True
Suppose 0 = -5*d + 3*c - 2*c - 22, 0 = 2*d - c + 10. Is 989 - d/2 - -2 prime?
False
Suppose -656676 - 79464 = -12*t. Is t a prime number?
False
Let x(i) be the third derivative of -89*i**4/24 + i**3/6 - i**2. Suppose 7*u = -5*l + 3*u - 22, -2*u - 2 = -2*l. Is x(l) composite?
False
Let v(p) = -251*p - 6. Let j be v(12). Is 0 + -3 + j/(-3) a prime number?
False
Suppose 3*i + 43 = -u + 2298, -u + 1504 = 2*i. Is i prime?
True
Suppose 0 = 4*h, -m - 2*m = -h - 3. Let x be 1 + (-3)